- 0. What is the greatest common factor of 7 and p?
7
Let z(o) = o**3 + 13*o**2 + 4. Let t be z(-13). What is the greatest common divisor of t and 2?
2
Suppose -6 = c - x + 8, 5*c + 86 = x. Let z be (39/(-2))/(c/24). What is the greatest common factor of 130 and z?
26
Suppose 5*d + 1 - 12 = a, -5*d + 4*a + 14 = 0. Suppose -b = -d - 5. Let w = 11 - b. Calculate the highest common divisor of w and 12.
4
Suppose -7*l = 40 - 796. What is the greatest common factor of l and 27?
27
Suppose 4*c + 7*d - 14 = 4*d, 2*c - 8 = -2*d. Suppose -4*z + 14 = -c. Calculate the greatest common divisor of 44 and z.
4
Let l(n) = -5*n**2 + n - 4. Let k be l(-4). Let w = -165 - k. Let x = -27 - w. Calculate the highest common factor of x and 10.
10
Let m = -30 + 41. What is the greatest common divisor of 44 and m?
11
Let c = -162 - -300. Calculate the greatest common divisor of 23 and c.
23
Let t = -40 + 61. Calculate the highest common divisor of 14 and t.
7
Let c(y) = y**3 + 10*y**2 + 6*y. Let r be c(-7). Calculate the greatest common divisor of r and 15.
15
Let u(t) = t**3 + 4*t**2 - t - 1. Let r be u(-4). Suppose -r*o + 0*o = -3*k + 30, -30 = -3*k + 4*o. Calculate the highest common factor of 50 and k.
10
Let r(y) = y**2 + 4*y + 2. Let z be r(-6). Let c(a) = -a**3 + 14*a**2 + 10. Let d be c(z). Calculate the greatest common factor of d and 15.
5
Let c be 145 + 4/(2 - 4). Let u be -13*(1/1)/(-1). What is the highest common divisor of u and c?
13
Let h(k) = k - 1. Let g be h(3). Let b be 152/(-36) + (-2)/(-9). Let r be (-2)/b*(-1 - -13). Calculate the highest common factor of g and r.
2
Let l = -8 - -14. Let r(k) = -k**3 + 5*k**2 + 8*k - 6. Let u be r(l). Let s = 24 + -22. What is the greatest common factor of s and u?
2
Let j(l) be the second derivative of l**5/10 + l**4/4 + l**3/6 - 3*l. Let r be j(3). What is the highest common factor of 12 and r?
12
Suppose 0 = -h + 3 + 4. Let b be (-85)/(-4) - (-1)/(-4). What is the greatest common divisor of b and h?
7
Suppose 3 = -b + 3*i, -4*i - 26 = -3*b - 10. Calculate the highest common factor of b and 12.
12
Let d = 55 + -52. What is the greatest common factor of d and 39?
3
Let l(i) = 2*i**2 - 2*i + 3. Let k be l(3). Let x be 4/(-6)*(3 + -12). Calculate the greatest common divisor of k and x.
3
Let w = 752 - 446. What is the greatest common divisor of w and 34?
34
Suppose -2*g - 21 = -5*y, 0*y - 3*y = -15. Suppose -3*l + 28 = -g*l. Calculate the highest common divisor of l and 56.
28
Suppose 0 = 8*a - 10*a + 28. Suppose v = 27 + 15. What is the greatest common factor of a and v?
14
Let k be (36 - 2) + (2 - (-1 + 1)). Let u = -38 + 16. Let i be (-1 - 0)*u - -2. Calculate the highest common factor of k and i.
12
Let g be (56/14)/((-2)/(-4)). Calculate the highest common factor of 72 and g.
8
Let m = -32 - -44. What is the greatest common factor of m and 12?
12
Let t be 3/(12/223) - 2/(-8). What is the greatest common divisor of 14 and t?
14
Let a(h) = h**2 - 2*h + 1. Let p = 22 - 20. Let u be a(p). Calculate the greatest common factor of 8 and u.
1
Suppose 2*f + 47 = 5*f - 5*o, 5*o = -f - 11. Suppose 0 = -10*m + 31 + 29. Calculate the greatest common factor of m and f.
3
Let v(q) = 2*q + 65. Let r be v(-28). Suppose g - 5*m = 43, 2*g + 5*m - 26 = 3*m. What is the highest common factor of r and g?
9
Let u(i) = -i**3 + 4*i**2 - 3. Let q be u(5). Let l = q + 49. Let w(x) = 3*x**2 - 30*x - 30. Let h be w(11). What is the greatest common divisor of h and l?
3
Let j be (-170)/(-12) + (-9)/54. Suppose 3*h - 5*h = -28. Calculate the highest common divisor of j and h.
14
Let f(z) = z**2 + 6. Let s be f(6). What is the highest common divisor of 462 and s?
42
Suppose 2*y + 2*x - 6 = 0, 2*x - 4 = -2*x. Suppose -3*d + 5 = y*d, -10 = -3*k + 2*d. Calculate the greatest common factor of k and 32.
4
Let f be 1*-2 + 84/12. Calculate the greatest common factor of f and 2.
1
Suppose -5 = -6*q + 2*q + 5*x, 5*x - 5 = 2*q. Calculate the highest common divisor of 25 and q.
5
Let x be (34/4 - -2)*2. Suppose c - 67 = x. Suppose 2*k = -4*s + 42, 0 = 4*k - 2 + 6. Calculate the highest common divisor of c and s.
11
Let o = 0 - 3. Let d be 2 - (-3 + 2 + o). What is the highest common factor of 9 and d?
3
Let t be (14/(-8))/(2/(-8)). Suppose 3*w = 3*y + 132, 0 = 2*w - 3*y - 67 - 16. Calculate the highest common factor of t and w.
7
Let n(p) = -5 + 0*p**2 - 2*p + 2 + 0*p**2 - p**3. Let v be 16/(-10) + (-4)/10. Let x be n(v). What is the greatest common divisor of x and 99?
9
Suppose -r - 224 = -5*r. What is the highest common factor of 7 and r?
7
Suppose 5*w + r + 2*r = 147, 4*r = -w + 43. What is the highest common divisor of w and 18?
9
Let w(g) be the first derivative of 9/2*g**2 + 7*g + 1. Let f be w(9). Calculate the greatest common divisor of f and 22.
22
Let q be (4/6)/(6/27). Let g be (-1*1)/((-1)/q). Suppose -3*r + 42 = 3*m, -g*m = 5*r - m - 58. Calculate the greatest common factor of 10 and r.
10
Suppose 0 = 3*c + 2*l - 294, -3*l - 2*l + 196 = 2*c. Let n = -70 + c. What is the highest common divisor of n and 7?
7
Let m(k) = 3*k**3 - 1. Let r be m(-2). Let u = -3 - r. What is the greatest common divisor of 88 and u?
22
Let c be (-1)/(-3)*(37 + 2). Let i(r) = r**2 + r. Let v be i(0). Let g be ((-39)/(-6) - v)*2. What is the greatest common divisor of c and g?
13
Suppose a - 2*z - 19 = -4*z, -5*z = -a - 9. What is the greatest common divisor of a and 22?
11
Let x(m) = 2*m**2 - 14*m + 17. Let d be x(10). Calculate the greatest common divisor of d and 11.
11
Let o = -9 + 13. Suppose -o*t + 33 = -19. What is the greatest common divisor of t and 143?
13
Let o be 4/(-18) - 164/(-9). Calculate the greatest common divisor of 162 and o.
18
Suppose -3*l + 0*l + 5*i = 39, -3*i = l + 13. Let d be (0 - 2 - l) + 2. Let z be 12 + (2 + 2 - 3). Calculate the greatest common factor of d and z.
13
Let m(a) = -4*a - 5*a + 3*a. Let j be (-6)/(-39) - (-82)/(-26). Let w be m(j). What is the highest common divisor of 6 and w?
6
Suppose -l + 2*z + 36 = -1, 119 = 3*l - 4*z. Let k be (24 - 13)*2*1. Let x = -4 + k. Calculate the highest common factor of x and l.
9
Suppose -8*s + 24*s = 352. Let t(f) = -2*f - 1. Let a be t(-1). Let p be (a - 0)*1*2. Calculate the highest common factor of s and p.
2
Let p be 1*2/((-4)/(-18)). What is the greatest common factor of 9 and p?
9
Let c(l) = -8*l**3 + 2*l**2 + l - 2. Let f be c(-2). Suppose -92 = -4*a + f. What is the greatest common divisor of 5 and a?
5
Suppose 64 = 8*o - 4*o. What is the greatest common factor of o and 16?
16
Let n be 1 - 2/((-6)/(-99)). Let y be n/(-6) - (-1)/(-3). Calculate the greatest common factor of 25 and y.
5
Suppose 5*i + j + 103 = 0, 2*i - 2*j = 5*i + 59. Let u = i + 36. Let h(s) = 2*s**2 + 4*s - 10. Let z be h(-7). What is the greatest common divisor of z and u?
15
Let c(l) = l**2 + l + 1. Let z be c(-2). Let u = 60 + -33. What is the greatest common divisor of z and u?
3
Suppose 10 = u + 2. Let a = -4 + u. Let p(d) = -45*d - 1. Let x be p(-1). Calculate the greatest common divisor of x and a.
4
Suppose -s - 1 + 4 = 0. Let m(c) = 4*c + 2. Let t be m(s). What is the highest common factor of t and 112?
14
Let a = 21 + -6. Suppose 23 = m - 3*c, -2*m + a = 2*c - 7. Calculate the highest common factor of m and 112.
14
Let i be (4 + (1 - 4))*1. What is the greatest common factor of i and 9?
1
Let o(v) = v**3 - 6*v**2 + 8*v - 3. Let m be o(5). What is the greatest common factor of m and 156?
12
Let q be (-4)/14 + 220/35. Suppose 12 = 3*f, 5*h + 2*f = 4*f + 22. What is the highest common divisor of h and q?
6
Let h be (-1)/(1 - 80/82). Let i = h - -65. Let z = 39 + -23. What is the greatest common divisor of i and z?
8
Let h = 31 + 5. Calculate the greatest common divisor of 9 and h.
9
Let c = -8 - -8. Let k = -2 + 24. Let d = k + c. Calculate the highest common factor of 55 and d.
11
Suppose -n + 1 = -4. Let m be -15*(-3 + 6/n). What is the greatest common factor of 135 and m?
27
Let l = 6 + -4. Suppose -3*n - 171 = -4*a - 4*n, l*a = -4*n + 96. Let s be 27 - (3 + (5 - 2)). What is the greatest common factor of a and s?
21
Let y(b) = b**2 - 8*b + 8. Let d be y(7). What is the highest common factor of d and 9?
1
Let p be 196/2 + -6 + (-42)/(-7). What is the highest common factor of 49 and p?
49
Suppose -